s digit of 1169842?
1
What is the millions digit of 16634489?
6
What is the tens digit of 92662?
6
What is the hundreds digit of 348878?
8
What is the hundreds digit of 409359?
3
What is the hundred thousands digit of 3606761?
6
What is the hundreds digit of 7762113?
1
What is the hundred thousands digit of 7854997?
8
What is the units digit of 10281705?
5
What is the thousands digit of 4958403?
8
What is the ten thousands digit of 6698253?
9
What is the ten thousands digit of 669105?
6
What is the tens digit of 1420329?
2
What is the tens digit of 1820416?
1
What is the tens digit of 339974?
7
What is the units digit of 392793?
3
What is the thousands digit of 5404609?
4
What is the hundred thousands digit of 296250?
2
What is the thousands digit of 119925?
9
What is the hundred thousands digit of 914749?
9
What is the units digit of 393670?
0
What is the thousands digit of 2800804?
0
What is the thousands digit of 10394536?
4
What is the units digit of 46200?
0
What is the units digit of 2901005?
5
What is the units digit of 99457?
7
What is the tens digit of 418917?
1
What is the hundreds digit of 257660?
6
What is the ten thousands digit of 2023575?
2
What is the tens digit of 498927?
2
What is the hundreds digit of 776045?
0
What is the thousands digit of 322877?
2
What is the thousands digit of 34793820?
3
What is the tens digit of 220022?
2
What is the thousands digit of 120806?
0
What is the hundred thousands digit of 630686?
6
What is the hundreds digit of 1551878?
8
What is the hundred thousands digit of 243515?
2
What is the hundreds digit of 747738?
7
What is the ten thousands digit of 15242236?
4
What is the units digit of 1587604?
4
What is the thousands digit of 821349?
1
What is the hundreds digit of 138745?
7
What is the hundred thousands digit of 3367816?
3
What is the hundred thousands digit of 874382?
8
What is the millions digit of 8258190?
8
What is the tens digit of 25272?
7
What is the units digit of 7373?
3
What is the millions digit of 5062074?
5
What is the tens digit of 254481?
8
What is the hundred thousands digit of 1512589?
5
What is the units digit of 7479307?
7
What is the hundreds digit of 4252144?
1
What is the units digit of 8956?
6
What is the thousands digit of 1004899?
4
What is the ten thousands digit of 3871654?
7
What is the units digit of 18607809?
9
What is the tens digit of 6171359?
5
What is the units digit of 159879?
9
What is the units digit of 85114?
4
What is the ten thousands digit of 1611242?
1
What is the units digit of 633626?
6
What is the hundred thousands digit of 400127?
4
What is the tens digit of 2827308?
0
What is the hundreds digit of 455865?
8
What is the hundreds digit of 883453?
4
What is the tens digit of 410093?
9
What is the tens digit of 13041249?
4
What is the thousands digit of 756791?
6
What is the ten thousands digit of 3180500?
8
What is the ten thousands digit of 829729?
2
What is the tens digit of 7324679?
7
What is the units digit of 223242?
2
What is the hundreds digit of 2225348?
3
What is the thousands digit of 603573?
3
What is the units digit of 1766433?
3
What is the ten thousands digit of 38251?
3
What is the units digit of 251467?
7
What is the thousands digit of 8915344?
5
What is the hundred thousands digit of 104185?
1
What is the millions digit of 4986349?
4
What is the ten thousands digit of 55056?
5
What is the ten thousands digit of 80144?
8
What is the thousands digit of 347984?
7
What is the thousands digit of 1352816?
2
What is the hundred thousands digit of 327881?
3
What is the thousands digit of 197725?
7
What is the thousands digit of 73329?
3
What is the thousands digit of 1468713?
8
What is the tens digit of 291980?
8
What is the units digit of 3128413?
3
What is the hundreds digit of 865567?
5
What is the ten thousands digit of 3485431?
8
What is the units digit of 14403641?
1
What is the tens digit of 217203?
0
What is the hundreds digit of 8319702?
7
What is the tens digit of 712225?
2
What is the tens digit of 102975?
7
What is the units digit of 112841?
1
What is the units digit of 26482?
2
What is the ten thousands digit of 185794?
8
What is the millions digit of 12355136?
2
What is the tens digit of 138098?
9
What is the tens digit of 85520?
2
What is the hundreds digit of 2667889?
8
What is the units digit of 795500?
0
What is the ten thousands digit of 117599?
1
What is the hundred thousands digit of 27146609?
1
What is the tens digit of 26868733?
3
What is the hundreds digit of 7874374?
3
What is the hundred thousands digit of 418421?
4
What is the tens digit of 209890?
9
What is the tens digit of 1127840?
4
What is the ten thousands digit of 93704?
9
What is the units digit of 5753071?
1
What is the millions digit of 40601753?
0
What is the ten millions digit of 12007722?
1
What is the hundreds digit of 114884?
8
What is the hundred thousands digit of 120233?
1
What is the tens digit of 125442?
4
What is the ten thousands digit of 252138?
5
What is the tens digit of 348255?
5
What is the thousands digit of 210928?
0
What is the ten thousands digit of 11838227?
3
What is the units digit of 17728947?
7
What is the tens digit of 9316649?
4
What is the tens digit of 378070?
7
What is the hundreds digit of 5500949?
9
What is the tens digit of 726446?
4
What is the tens digit of 647085?
8
What is the units digit of 381268?
8
What is the hundred thousands digit of 743079?
7
What is the ten millions digit of 17852423?
1
What is the ten thousands digit of 156383?
5
What is the units digit of 262200?
0
What is the ten thousands digit of 9377798?
7
What is the thousands digit of 323474?
3
What is the hundreds digit of 952639?
6
What is the hundred thousands digit of 547525?
5
What is the ten thousands digit of 541027?
4
What is the ten thousands digit of 2294035?
9
What is the hundred thousands digit of 4063044?
0
What is the tens digit of 1478127?
2
What is the thousands digit of 3248148?
8
What is the thousands digit of 12617000?
7
What is the ten thousands digit of 1123740?
2
What is the ten thousands digit of 188864?
8
What is the thousands digit of 97682?
7
What is the units digit of 884992?
2
What is the hundred thousands digit of 14295774?
2
What is the ten thousands digit of 162088?
6
What is the units digit of 732778?
8
What is the hundred thousands digit of 1508930?
5
What is the ten thousands digit of 8130999?
3
What is the hundreds digit of 6793740?
7
What is the tens digit of 748650?
5
What is the tens digit of 37466?
6
What is the units digit of 4647855?
5
What is the millions digit of 4376860?
4
What is the tens digit of 137614?
1
What is the ten thousands digit of 68359?
6
What is the millions digit of 23762659?
3
What is the ten thousands digit of 12480100?
8
What is the ten thousands digit of 280673?
8
What is the units digit of 450419?
9
What is the tens digit of 25852?
5
What is the hundred thousands digit of 957611?
9
What is the tens digit of 1689960?
6
What is the thousands digit of 661419?
1
What is the tens digit of 393827?
2
What is the hundred thousands digit of 366910?
3
What is the ten thousands digit of 1703267?
0
What is the hundreds digit of 138466?
4
What is the millions digit of 5007478?
5
What is the millions digit of 1603947?
1
What is the thousands digit of 16499289?
9
What is the ten thousands digit of 933485?
3
What is the millions digit of 2353581?
2
What is the millions digit of 8561674?
8
What is the units digit of 218639?
9
What is the tens digit of 1568677?
7
What is the ten thousands digit of 1410156?
1
What is the hundreds digit of 943328?
3
What is the units digit of 63422?
2
What is the units digit of 34827385?
5
What is the hundreds digit of 450578?
5
What is the tens digit of 14182344?
4
What is the hundreds digit of 28476884?
8
What is the ten thousands digit of 13473786?
7
What is the units digit of 643635?
5
What is the ten thousands digit of 2858125?
5
What is the thousands digit of 10247817?
7
What is the tens digit of 434619?
1
What is the hundred thousands digit of 326678?
3
What is the units digit of 4315055?
5
What is the hundred thousands digit of 246136?
2
What is the tens digit of 6799311?
1
What is the ten thousands digit of 3492838?
9
What is the hundreds digit of 1313706?
7
W